{"id":14,"date":"2023-07-13T09:06:09","date_gmt":"2023-07-13T07:06:09","guid":{"rendered":"https:\/\/korekorica.com\/?page_id=14"},"modified":"2023-07-13T09:06:09","modified_gmt":"2023-07-13T07:06:09","slug":"refund_returns","status":"publish","type":"page","link":"https:\/\/korekorica.com\/?page_id=14","title":{"rendered":"POLITIKA ZA\u0160TITE LI\u010cNIH PODATAKA (POLITIKA PRIVATNOSTI)"},"content":{"rendered":"\n<p><h3>KO SMO MI?<strong>.<\/strong><\/h3><\/p>\n\n\n\n<p>Vlasnik platforme URL korekorica.com je Preduzetnik , PR PROIZVODNJA KORA I TESTENINA ZA SUPU KORICA \u010cA\u010cAK MB62144360 PIB105532730, koga zastupa direktor VUJADIN KUZMANOVI\u0106, kontakt telefon 064\/66-86-748 e-mail adresa: korekorica@gmail.com .<\/p>\n\n\n\n<p>Kore Korica je rukovalac Va\u0161ih li\u010dnih podataka i odgovoran za obradu i \u010duvanje Va\u0161ih li\u010dnih podataka.<\/p>\n\n\n\n<p>Mi po\u0161tujemo va\u0161u privatnost i bri\u017eno \u010duvamo Va\u0161e li\u010dne podatke. U ovoj Politici za\u0161tite li\u010dnih podataka (u nastavku Politika) obave\u0161tavamo Vas o li\u010dnim podacima koje od Vas prikupljamo, za koje svrhe i po kom pravnom osnovu, sigurnosne mere kojima ih \u0161titimo, lica s kojima ih delimo, rok u kojem ih \u010duvamo, kao i Va\u0161a prava u vezi sa za\u0161titom li\u010dnih podataka.<\/p>\n\n\n\n<p>Ova Politika se primenjuje za:<\/p>\n\n\n\n<ul class=\"wp-block-list\">\n<li>sve kupce na\u0161ih proizvoda preko na\u0161e internet prezentacije link do sajta;<\/li>\n\n\n\n<li>sve posetioce na\u0161e internet prezentacije.<\/li>\n<\/ul>\n\n\n\n<p>U slu\u010daju da u vezi s kori\u0161\u0107enjem ove Politike ili u vezi sa ostvarivanjem va\u0161ih prava, koja proizilaze iz ove Politike, imate bilo kakvo pitanje, obratite nam se na e-mail adresu: korekorica@gmail.rs sa oznakom \u201c Za\u0161tita li\u010dnih podataka\u201d.<\/p>\n\n\n\n<p><h2>OSNOVNI POJMOVI<\/h2><\/p>\n\n\n\n<p>Svaki pojedina\u010dni dole odre\u0111eni pojam ima u okviru ove Politike svrhu, kao \u0161to je odre\u0111ena u ovom poglavlju:<\/p>\n\n\n\n<ul class=\"wp-block-list\">\n<li>\u25cf Li\u010dni podaci zna\u010de bilo koju informaciju, na osnovu koje se mo\u017ee odrediti pojedinac (ovde spadaju npr. ime, prezime, e-mail, IP adresa, grad, telefonski broj, broj \u017eiro-ra\u010duna);<\/li>\n\n\n\n<li>\u25cf Kupac \u2013 ozna\u010dava lice koje preko na\u0161e internet prezentacije vr\u0161e kupovinu na\u0161ih proizvoda;<\/li>\n\n\n\n<li>\u25cf Posetilac \u2013 ozna\u010dava lica koja dolaze na na\u0161u stranicu, bez kupovine proizvoda;<\/li>\n\n\n\n<li>\u25cf Obrada predstavlja radnje prikupljanja, bele\u017eenja, razvrstavanja, grupisanja, odnosno strukturisanje, pohranjivanje, upodobljavanje ili menjanje, otkrivanje, uvid, upotreba, otkrivanje prenosom, odnosno dostavljanjem, umno\u017eavanje, \u0161irenje ili na drugi na\u010din \u010dinjenje dostupnim, upore\u0111ivanje, ograni\u010davanje, brisanje ili uni\u0161tavanje li\u010dnih podataka<\/li>\n\n\n\n<li>\u25cf Usluga \u2013 usluga informacionog dru\u0161tva \u2013 online prodaja nakita od plemenitih I sli\u010dnih materijala .<\/li>\n<\/ul>\n\n\n\n<p><\/p>\n\n\n\n<p><h2>VRSTA PODATAKA O LI\u010cNOSTI KOJE PRIKUPLJAMO<\/h2><\/p>\n\n\n\n<p>Platforma prikuplja razli\u010dite podatke u zavisnosti od toga, da li ste korsnik ili posetilac platforme.<\/p>\n","protected":false},"excerpt":{"rendered":"<p>KO SMO MI?. Vlasnik platforme URL korekorica.com je Preduzetnik , PR PROIZVODNJA KORA I TESTENINA ZA SUPU KORICA \u010cA\u010cAK MB62144360<\/p>\n","protected":false},"author":1,"featured_media":0,"parent":0,"menu_order":0,"comment_status":"closed","ping_status":"closed","template":"","meta":{"footnotes":""},"class_list":["post-14","page","type-page","status-publish","hentry"],"_links":{"self":[{"href":"https:\/\/korekorica.com\/index.php?rest_route=\/wp\/v2\/pages\/14","targetHints":{"allow":["GET"]}}],"collection":[{"href":"https:\/\/korekorica.com\/index.php?rest_route=\/wp\/v2\/pages"}],"about":[{"href":"https:\/\/korekorica.com\/index.php?rest_route=\/wp\/v2\/types\/page"}],"author":[{"embeddable":true,"href":"https:\/\/korekorica.com\/index.php?rest_route=\/wp\/v2\/users\/1"}],"replies":[{"embeddable":true,"href":"https:\/\/korekorica.com\/index.php?rest_route=%2Fwp%2Fv2%2Fcomments&post=14"}],"version-history":[{"count":1,"href":"https:\/\/korekorica.com\/index.php?rest_route=\/wp\/v2\/pages\/14\/revisions"}],"predecessor-version":[{"id":15891,"href":"https:\/\/korekorica.com\/index.php?rest_route=\/wp\/v2\/pages\/14\/revisions\/15891"}],"wp:attachment":[{"href":"https:\/\/korekorica.com\/index.php?rest_route=%2Fwp%2Fv2%2Fmedia&parent=14"}],"curies":[{"name":"wp","href":"https:\/\/api.w.org\/{rel}","templated":true}]}}